{"id":104,"date":"2026-02-03T13:30:42","date_gmt":"2026-02-03T13:30:42","guid":{"rendered":"https:\/\/paideiamubabao.pl\/?page_id=104"},"modified":"2026-03-10T22:08:05","modified_gmt":"2026-03-10T22:08:05","slug":"kontakt","status":"publish","type":"page","link":"https:\/\/paideiamubabao.pl\/?page_id=104","title":{"rendered":"KONTAKT"},"content":{"rendered":"\t\t<div data-elementor-type=\"wp-page\" data-elementor-id=\"104\" class=\"elementor elementor-104\" data-elementor-post-type=\"page\">\n\t\t\t\t<div class=\"elementor-element elementor-element-362ad16 e-flex e-con-boxed e-con e-parent\" data-id=\"362ad16\" data-element_type=\"container\" data-e-type=\"container\">\n\t\t\t\t\t<div class=\"e-con-inner\">\n\t\t\t\t<div class=\"elementor-element elementor-element-c52fdcb elementor-widget elementor-widget-text-editor\" data-id=\"c52fdcb\" data-element_type=\"widget\" data-e-type=\"widget\" data-widget_type=\"text-editor.default\">\n\t\t\t\t\t\t\t\t\t<p style=\"text-align: center;\">Porozmawiajmy o edukacji przysz\u0142o\u015bci<\/p>\t\t\t\t\t\t\t\t<\/div>\n\t\t\t\t\t<\/div>\n\t\t\t\t<\/div>\n\t\t<div class=\"elementor-element elementor-element-81c75f7 e-flex e-con-boxed e-con e-parent\" data-id=\"81c75f7\" data-element_type=\"container\" data-e-type=\"container\">\n\t\t\t\t\t<div class=\"e-con-inner\">\n\t\t<div class=\"elementor-element elementor-element-51533cd e-con-full e-flex e-con e-child\" data-id=\"51533cd\" data-element_type=\"container\" data-e-type=\"container\">\n\t\t\t\t<\/div>\n\t\t<div class=\"elementor-element elementor-element-cf6cb9f e-con-full e-flex e-con e-child\" data-id=\"cf6cb9f\" data-element_type=\"container\" data-e-type=\"container\">\n\t\t\t\t<div class=\"elementor-element elementor-element-f7bdc4c elementor-widget elementor-widget-text-editor\" data-id=\"f7bdc4c\" data-element_type=\"widget\" data-e-type=\"widget\" data-widget_type=\"text-editor.default\">\n\t\t\t\t\t\t\t\t\t<p>Je\u015bli chcesz wdro\u017cy\u0107 PAIDEIA MuBaBaO, zaprosi\u0107 nas do wsp\u00f3\u0142pracy, stworzy\u0107 program dla swojej instytucji lub pozna\u0107 narz\u0119dzia MuBaBaO, skontaktuj si\u0119 z nami.<\/p><p>Tworzymy rozwi\u0105zania edukacyjne, kt\u00f3re \u0142\u0105cz\u0105 g\u0142\u0119bi\u0119, kultur\u0119, technologi\u0119, tw\u00f3rczo\u015b\u0107 i realne do\u015bwiadczenie rozwoju.<\/p>\t\t\t\t\t\t\t\t<\/div>\n\t\t\t\t<\/div>\n\t\t<div class=\"elementor-element elementor-element-26a2402 e-con-full e-flex e-con e-child\" data-id=\"26a2402\" data-element_type=\"container\" data-e-type=\"container\">\n\t\t\t\t<\/div>\n\t\t\t\t\t<\/div>\n\t\t\t\t<\/div>\n\t\t<div class=\"elementor-element elementor-element-a0ab0e5 e-flex e-con-boxed e-con e-parent\" data-id=\"a0ab0e5\" data-element_type=\"container\" data-e-type=\"container\">\n\t\t\t\t\t<div class=\"e-con-inner\">\n\t\t<div class=\"elementor-element elementor-element-0d5a91c e-con-full e-flex e-con e-child\" data-id=\"0d5a91c\" data-element_type=\"container\" data-e-type=\"container\">\n\t\t\t\t<\/div>\n\t\t<div class=\"elementor-element elementor-element-2cbc3e8 e-con-full e-flex e-con e-child\" data-id=\"2cbc3e8\" data-element_type=\"container\" data-e-type=\"container\">\n\t\t\t\t<div class=\"elementor-element elementor-element-c5fc773 elementor-widget elementor-widget-text-editor\" data-id=\"c5fc773\" data-element_type=\"widget\" data-e-type=\"widget\" data-widget_type=\"text-editor.default\">\n\t\t\t\t\t\t\t\t\t<p><strong>Kontakt: <\/strong><\/p><p><strong>Michal Malinowski<\/strong><\/p><p><strong>ul. Diamentowa 8<\/strong><\/p><p><strong>05-510 Czarn\u00f3w gm. Konstancin-Jeziorna. Poland<\/strong><\/p><p><strong>+48 509 454 871<\/strong><\/p>\t\t\t\t\t\t\t\t<\/div>\n\t\t\t\t<\/div>\n\t\t<div class=\"elementor-element elementor-element-0ed2efd e-con-full e-flex e-con e-child\" data-id=\"0ed2efd\" data-element_type=\"container\" data-e-type=\"container\">\n\t\t\t\t<\/div>\n\t\t\t\t\t<\/div>\n\t\t\t\t<\/div>\n\t\t<div class=\"elementor-element elementor-element-82dc260 e-flex e-con-boxed e-con e-parent\" data-id=\"82dc260\" data-element_type=\"container\" data-e-type=\"container\">\n\t\t\t\t\t<div class=\"e-con-inner\">\n\t\t<div class=\"elementor-element elementor-element-0d4b099 e-con-full e-flex e-con e-child\" data-id=\"0d4b099\" data-element_type=\"container\" data-e-type=\"container\">\n\t\t\t\t<\/div>\n\t\t\t\t\t<\/div>\n\t\t\t\t<\/div>\n\t\t\t\t<\/div>\n\t\t","protected":false},"excerpt":{"rendered":"<p>Porozmawiajmy o edukacji przysz\u0142o\u015bci Je\u015bli chcesz wdro\u017cy\u0107 PAIDEIA MuBaBaO, zaprosi\u0107 nas do wsp\u00f3\u0142pracy, stworzy\u0107 program dla swojej instytucji lub pozna\u0107 narz\u0119dzia MuBaBaO, skontaktuj si\u0119 z nami. Tworzymy rozwi\u0105zania edukacyjne, kt\u00f3re \u0142\u0105cz\u0105 g\u0142\u0119bi\u0119, kultur\u0119, technologi\u0119, tw\u00f3rczo\u015b\u0107 i realne do\u015bwiadczenie rozwoju. Kontakt: Michal Malinowski ul. Diamentowa 8 05-510 Czarn\u00f3w gm. Konstancin-Jeziorna. Poland +48 509 454 871<\/p>\n","protected":false},"author":2,"featured_media":0,"parent":0,"menu_order":0,"comment_status":"closed","ping_status":"closed","template":"","meta":{"footnotes":""},"class_list":["post-104","page","type-page","status-publish","hentry"],"_links":{"self":[{"href":"https:\/\/paideiamubabao.pl\/index.php?rest_route=\/wp\/v2\/pages\/104","targetHints":{"allow":["GET"]}}],"collection":[{"href":"https:\/\/paideiamubabao.pl\/index.php?rest_route=\/wp\/v2\/pages"}],"about":[{"href":"https:\/\/paideiamubabao.pl\/index.php?rest_route=\/wp\/v2\/types\/page"}],"author":[{"embeddable":true,"href":"https:\/\/paideiamubabao.pl\/index.php?rest_route=\/wp\/v2\/users\/2"}],"replies":[{"embeddable":true,"href":"https:\/\/paideiamubabao.pl\/index.php?rest_route=%2Fwp%2Fv2%2Fcomments&post=104"}],"version-history":[{"count":17,"href":"https:\/\/paideiamubabao.pl\/index.php?rest_route=\/wp\/v2\/pages\/104\/revisions"}],"predecessor-version":[{"id":696,"href":"https:\/\/paideiamubabao.pl\/index.php?rest_route=\/wp\/v2\/pages\/104\/revisions\/696"}],"wp:attachment":[{"href":"https:\/\/paideiamubabao.pl\/index.php?rest_route=%2Fwp%2Fv2%2Fmedia&parent=104"}],"curies":[{"name":"wp","href":"https:\/\/api.w.org\/{rel}","templated":true}]}}